73*t + 7 - 138*t - 10. Suppose 4*a - p = -3*p + 22, 3*p = 15. Let u be (a/9)/((-1)/(-33)). Calculate w(u).
2
Let k(g) = -g**2 + g. Let o(n) = 3*n**2 - 16*n - 6. Let a(y) = -5*k(y) - o(y). Let b be a(-11). Let d(v) = 125*v - 6 + 0 + 2 - b*v. Determine d(-5).
6
Let t(c) be the first derivative of -2*c**3/3 - 21*c**2/2 - 51*c - 1886. Give t(-7).
-2
Let z be (-1)/(-3) + 1243/33. Suppose -19*k + z = -76. Let q(i) = -i**2 + 5*i + 2. Give q(k).
-4
Let o(t) be the second derivative of -t**6/120 + t**5/40 + t**4/12 - 79*t**3/3 - 190*t. Let b(r) be the second derivative of o(r). What is b(-1)?
-4
Let q(o) = 49398*o**3 - 49397*o**3 - 2*o - 7*o**2 + 19 + 11*o**2. Give q(-6).
-41
Let o(d) be the second derivative of -d**4/12 + 5*d**3/6 - 9*d**2/2 + 1567*d. What is o(3)?
-3
Let q(d) = 2*d**3 + d**2 + 2. Let v = 3 - 2. Let b(r) be the second derivative of -r**5/20 + r**4/12 - r**3/6 - r**2/2 - 70*r. Let m be b(v). What is q(m)?
-10
Let l be -11 + (-7)/((-42)/30). Let h be (-9)/l - (63/(-6) - -3). Let m(v) = v - 17. Calculate m(h).
-8
Let n(m) = -214 + 3*m - 7*m + 212 + 7*m + 5*m - 21*m**2. What is n(-1)?
-31
Let q(y) = -y**3 - 7*y**2 - 6*y - 7. Let o be (1 - -157)/((-35)/70). Let r = o - -310. Calculate q(r).
-7
Let u = 21 + -18. Suppose -u*i = 5*x - 8, x - 5*i + 2 = -2. Let b(k) = 16*k - 1. Let h(s) = -31*s + 2. Let p(y) = -11*b(y) - 6*h(y). Calculate p(x).
9
Let z(j) = 4*j + 195 - 560 + 305 + 218. Determine z(-39).
2
Let m(d) be the first derivative of 5*d**3 - d**2/2 - 57. Let f be 192/15 - (-4)/(-5). Let o = -13 + f. Give m(o).
16
Let t(p) = 5*p**3 - 95*p**2 + 35*p + 47. Let x(i) = 2*i**3 - 39*i**2 + 14*i + 19. Let y(w) = -5*t(w) + 12*x(w). Calculate y(4).
13
Let p(m) = m**3 + 5*m**2 - 11*m - 4. Suppose -8*q + 4*q - 4*o - 28 = 0, 28 = -5*q + 2*o. What is p(q)?
26
Let k(g) = g**3 - 5*g**2 + 10*g - 3. Let p be k(3). Let b(x) = -x**2 + 10*x - 15. Let v be b(p). Let i(w) = w**2 + 5*w - 7. Calculate i(v).
-1
Let a(j) = -j**2 - 9*j - 3. Let x = -204 + 158. Let o be (x - -6)/4 + 2. Determine a(o).
5
Let j(m) = 5 - 1647*m - m**2 + 0*m**2 + 1661*m. Let i be j(14). Let n(p) = p + 4. Determine n(i).
9
Let d(y) = 4*y**3 + 2*y - 3. Let u be 5/((-55)/(-6))*(1 + 10). Suppose -3*i + 7 = w + u, 5 = -w. Determine d(i).
33
Let f(g) = -2*g**2 + 18*g + 6. Let a(m) = 3*m**2 - 28*m - 9. Let p be (3 - 4/3)/(8/24). Let z(v) = p*a(v) + 8*f(v). Give z(-4).
-29
Let n(v) = -v**3 - 3*v**2. Suppose -11 - 1 = -2*k. Let a = 34 + -24. Suppose a*y - k*y + 12 = 0. Calculate n(y).
0
Suppose 5*g = 2*k + 55 - 24, -2*g + 10 = 0. Let h(x) = x**3 + 6*x**2 + 7*x + 3. Calculate h(k).
9
Let a(s) = -s**2 - 19*s - 37. Suppose -7539 = 645*k - 1734. What is a(k)?
53
Let l(a) = -10 - 15*a**3 - 6*a**3 - 8*a + 0*a**2 - 3 + 20*a**3 - 9*a**2. Calculate l(-8).
-13
Let g be 2*((-10)/(-4) + -2). Let h(t) = -3*t. Let q(s) be the second derivative of -s**2/2 - 32*s. Let c(w) = g*h(w) - 4*q(w). What is c(6)?
-14
Let c be (1*(-1 - 1) + -3)*-1. Suppose 95 - 232 = -2*f - u, c*f - 3*u - 315 = 0. Let v(j) = -10 - 66*j + 134*j - f*j. Give v(7).
4
Let w(h) = -1 - h**2 + 7 - 7*h + 5. Let r be -2 - (-18 + 22 - -3). Calculate w(r).
-7
Let i(w) = 105*w**2 - 2. Let z = -19707 - -19708. What is i(z)?
103
Let w = -1 + 3. Let c = -14732 - -14734. Let m(b) = 4*b**3 + 15*b**w - 5*b**c - 8*b - 5*b**3. Calculate m(9).
9
Let g(d) = 7*d + 2. Let q be (-8)/12 - (-1056)/(-9). Let w be 2/(q/(-60) - 2). Let x = w - -58. Calculate g(x).
-12
Let d = 1801 - 1805. Let z(a) be the third derivative of -a**4/8 - 5*a**3/6 - 4*a**2. Determine z(d).
7
Let w(i) = -38*i + 575. Let o(t) = 293*t - 2036. Let c be o(7). What is w(c)?
5
Let i(s) = -2*s**2 + 5*s - 5. Let j be (-4)/((-1 - 1) + 32/48). Suppose 4*g - 3*n - 17 = 0, 0*g = -j*g - 5*n + 20. Give i(g).
-30
Let n(m) = m**2 - 8*m + 6. Let v be 1*-14*(11 + -9). Let b(w) = w**3 + 29*w**2 + 27*w - 21. Let i be b(v). Determine n(i).
-1
Let x(n) = -n**3 + 6*n**2 - 8*n + 6. Let g(c) = -c**3 - 12*c**2 + 16*c + 39. Let v be g(-13). Suppose v + 15 = 3*z. Determine x(z).
-9
Let w(h) = 3*h**3 + 16*h**2 - 17*h + 7. Let b(x) = -x**3 - x**2 + 7*x - 2. Let f(t) = 4*b(t) + w(t). Give f(13).
-27
Let k(g) = 368*g + 200. Let l(j) = -57*j - 31. Let m(n) = 5*k(n) + 32*l(n). What is m(5)?
88
Let k(t) = 1226*t + 7358. Let c be k(-6). Let b(p) = -2*p**3 - p**2 + 2*p**2 - p - 3 + 4. What is b(c)?
-13
Let d(g) = 3*g - 4. Let t(y) = -y + 1. Let x(n) = 2*d(n) + 9*t(n). Let b = 49 - 35. Suppose 5*v = 39 - b. Calculate x(v).
-14
Let k = 103 - 61. Let v be (18/(-5))/((-387)/645). Let f(z) = 4*z - 33 - v*z + k + z. What is f(6)?
3
Let x(a) = 8 - a**3 + 0*a**3 - 8*a**2 + 2*a**2 - 4*a. Let i = -143569 + 143565. What is x(i)?
-8
Suppose 3*h = -3*s + 2*s, -60 = 5*s - 5*h. Let u be -4 - 3*(-2 + 24/s). Let b(d) = -d**2 + 12*d - 13. What is b(u)?
7
Let q(x) = 25*x - 87. Let g(k) = 8*k - 25. Let h(z) = 7*g(z) - 2*q(z). Calculate h(1).
5
Let p = 446 - 439. Let i(h) = -h - 18. Let u(f) = -2*f - 36. Let r(x) = p*i(x) - 4*u(x). Calculate r(-16).
2
Let x(b) = -b**3 - 21*b**2 + b + 11. Let q(m) = -3*m**2 - 76*m - 46. Let v be q(-25). What is x(v)?
-10
Let g(j) = -130 - 47*j + 7*j + j**2 + 13*j + 121 + 6*j. Calculate g(22).
13
Let u(d) = -12*d**3 + 42*d**2 + 52*d - 45. Let z(f) = 5*f**3 - 22*f**2 - 26*f + 21. Let c(h) = -4*u(h) - 9*z(h). Give c(-9).
0
Let d(z) be the first derivative of 13 + 8*z + 1/2*z**2. Give d(-5).
3
Let g(l) = -l**2 - 7*l - 2. Let x(k) = -34*k**3 - k - 3. Let p be x(-1). Let n(d) = d**3 - 34*d**2 + 63*d + 25. Let b be n(p). Give g(b).
-2
Let d(g) = g**3 - 5*g**2 - 21*g + 92. Suppose -51*t - 56 = -260. What is d(t)?
-8
Let g(r) = -2*r**3 - 12*r**2 + 15*r + 4. Suppose -4*q + 7*q - 2*p + 9 = 0, -3*q + 3*p - 3 = 0. What is g(q)?
-3
Let z(b) = -b**3 - 9*b**2 - 14*b - 124. Let t be z(-9). Let n(o) = 2*o**2 - 3*o + 7. Give n(t).
9
Let r(z) = 7*z**2 + 3*z + 2. Let s(b) = b**2 - 2*b - 2. Suppose -3*k + 31 = 1. Let t be -1 - -5*3*2/k. Let u be s(t). Determine r(u).
24
Let u(k) = 10 + 280217*k + 280215*k - 560438*k. Determine u(8).
-38
Let s(z) = 93*z + 87*z + 0*z**2 - 2*z**2 + 0*z**2 + 7 - 167*z. Let t(a) = -a**2 + 6*a + 5. Let w(g) = 3*s(g) - 5*t(g). Determine w(9).
-4
Let m(w) be the first derivative of -87 - 1/2*w**2 - 1/4*w**4 - 2*w + 1/3*w**3. Give m(-2).
12
Let w(g) = -2*g**2 + 50*g - 362. Let h(s) = -s**2 + 25*s - 186. Let n(p) = -7*h(p) + 4*w(p). What is n(14)?
8
Let j(v) = -v. Let d(f) = -f**3 + 5*f**2 - 2*f - 5. Let r be d(4). Calculate j(r).
-3
Let j(q) = q**2 + 9*q - 20. Suppose -313*g = -301*g + 120. Determine j(g).
-10
Let q(y) = -y**2 - 2*y - 3. Let d = 77 - 74. Suppose -2*x - 15 = -d. Determine q(x).
-27
Let x(j) = j + 2. Let y be x(-8). Let d(o) = -29*o + 2. Let h(b) = 19*b - 2. Let t(k) = -2*d(k) - 3*h(k). Give t(y).
-4
Let u(w) = 2*w**3 - 8*w**2 - 4*w + 1 + 21*w**2 + 8 - 3*w**2 + 0*w**3. Let i(f) = -f**3 - 10*f**2 + 6*f - 8. Let p(k) = 3*i(k) + 2*u(k). What is p(9)?
3
Let q(o) = 52*o**2 + 1. Let f(t) = 417*t**2 - 20*t + 55. Let b(r) = -f(r) + 8*q(r). What is b(12)?
49
Let i(c) = c - 151*c**2 + 306*c**2 - 161*c**2 - c**3 + 8. Let k(v) = 7*v + 1. Let j be k(-1). Determine i(j).
2
Let o(g) be the first derivative of -5*g**4/4 - g**3 + g**2/2 + g - 5108. Determine o(1).
-6
Let v be (6/(-21))/(2/(-14)). Let g be (1/1)/(1/v). Let k(i) = 22 + 2*i - 12 + 4*i - 4*i - 11. What is k(g)?
3
Let f(n) = -28*n - 135. Let v be f(-5). Let y be ((-6)/(-2))/(3/(-16)). Let u(h) = 6*h + 16. Let w(b) = 2*b + 5. Let k(a) = v*u(a) + y*w(a). What is k(1)?
-2
Let g(f) be the second derivative of -f**6/90 + f**5/120 - 80*f**3/3 + 2*f + 165. Let x(z) be the second derivative of g(z). Calculate x(2).
-14
Let g(w) = 6*w + 14. Let r = -10575 - -10570. Calculate g(r).
-16
Let h(z) be the first derivative of -4*z + 1/2*z**2 - 1. Let t(s) = -5*s - 189. Let y be t(-37). What is h(y)?
-8
Let s(q) = -75*q**2 - 76*q**2 + 3 + 152*q**2 - q. Let k(a) = -a. Let b be k(0). Determine s(b).
3
Let t(r) = 7*r - 22. Suppose 0 = -284*k + 334*k - 200. What is t(k)?
6
Let p(x) = 6844*x - 6854*x - 15*x**2 - x**3 + 32 + 0*x**3. What is p(-14)?
-24
Let p = 1336 - 444. Suppose -p*k = -893*k - 2. Let n(d) = 2*d**2 + 5*d + 2. What is n(k)?
0
Let r(o) = -o**3 - 18*o**2 + 10*o - 30. Let g be r(-19). Let m = g - 64. Suppose -78*h + m*h - 9 = 0. Let d(b) = b**2 + 9*b - 